ose i - 1778 = -3*s. What is the tens digit of s?
4
Suppose -31*q + 1398691 - 140122 = 0. What is the units digit of q?
9
Let m(i) be the second derivative of 13*i**5/120 + i**4/4 - 4*i**3/3 + 10*i. Let v(q) be the second derivative of m(q). What is the tens digit of v(2)?
3
What is the units digit of (-446)/(-1) - (6 + (-44)/4)?
1
Let d(z) = 8*z + 172. Let y be d(-19). Suppose -14882 + 3582 = -y*k. What is the tens digit of k?
6
Let r be -2 - 76634/(-18) - (-236)/(-531). Suppose 184*v = 179*v + r. What is the tens digit of v?
5
Suppose -203*u + 380*u - 204*u = -618246. What is the units digit of u?
8
Let x(v) = v**3 - 8*v**2 + 15*v + 2. Let p be x(7). Let a = 41 - p. What is the units digit of a/(-17) - (-32 - (1 - 3))?
1
Let b = -22685 - -33817. What is the thousands digit of b?
1
Let j(t) = 47*t**2 + 143*t + 571. What is the tens digit of j(-4)?
5
Let h(a) = -11*a + 25. Let i(g) = -10*g + 25. Let u(s) = 5*h(s) - 4*i(s). Suppose -4*n = -b - 10 - 12, -3*b + 2*n - 26 = 0. What is the units digit of u(b)?
5
Let n(x) = 3*x - 7 + 9 + 9. Let u be n(-2). Suppose u*j = -5*r + 395, 0*r - 5*r + 3*j = -419. What is the units digit of r?
2
Let a be (-26)/91 - ((-444)/21)/4. Suppose 225 = -a*o + 2715. What is the units digit of o?
8
Let b(u) = -30*u - 66. Let t = -39 + 39. Suppose t = 6*l - 42 + 96. What is the hundreds digit of b(l)?
2
Let l(j) = -j**2 - 16*j - 20. Suppose -p + 3 - 18 = 0. Let h be l(p). What is the tens digit of (22 - 1)*h/(2 + -3)?
0
Let m(l) = -l**2 + 35*l + 39. Let q be m(23). Suppose -10*t = -3*t + q. What is the hundreds digit of (346/8)/((t/(-20))/9)?
1
Let d(v) = 7*v**2 - 2*v + 1. Let a be d(1). Let n = -7 + a. What is the tens digit of (188/10)/(n/(-5))?
9
Let u = 27862 + 2800. What is the units digit of u?
2
Let y = 2841 + -1530. Suppose -m + 5*s + 400 = -919, 0 = -m + s + y. What is the thousands digit of m?
1
Suppose a = 5*i + 1298, i = 2*a + 2*i - 2629. Let v(x) = 4*x**2 + 6*x - 25. Let n be v(-6). Suppose -a + n = -10*m. What is the units digit of m?
3
Let j(f) = -f**3 - 12*f**2 - f + 20. Let s(k) = k**2 - 3*k + 22. Let h be s(8). Let n = h - 74. What is the tens digit of j(n)?
3
Suppose -5*p + 38 - 18 = 0. Suppose 7*k - p*r - 1322 = 2*k, 4*k - 1070 = -3*r. What is the hundreds digit of k?
2
Let f = -34945 - -67234. What is the thousands digit of f?
2
Suppose -r + 131 = -0*r. Let g be (-10)/45*-9 + -2. What is the units digit of 1 + g + r + 0?
2
Suppose -r + 6606 = 8*r. Suppose 2*l + 3*t = -2*l + r, -2*t + 921 = 5*l. What is the hundreds digit of l?
1
Suppose 479*t - 3*w + 143916 = 483*t, -t + 35970 = 3*w. What is the thousands digit of t?
5
Suppose -2*u + 322 = -3*u - 4*b, 0 = 3*u - 4*b + 934. Let p = u - -476. What is the hundreds digit of p?
1
Suppose -1864 - 1368 = -4*r. Suppose 0 = -4*m - 2*q + 2436, 0 = -2*m + q + r + 414. What is the units digit of m?
0
Suppose -1703 - 3790 = -3*s. What is the thousands digit of (-7 - -2) + s - -8?
1
Suppose 8*l - 3*l - 3 = -3*w, -w + l + 1 = 0. Let q be -2 + 1*1172/4 + w. Suppose 2*r - 4*o - q = 0, -o + 4 = -3*o. What is the hundreds digit of r?
1
Let c(j) = -j**3 - 14*j**2 + 20*j - 18. Let m be c(-15). What is the units digit of m/(-5)*4 + 45/75?
5
Suppose -4*h - 151546 + 58412 = -2*x, 3*x - 139712 = -5*h. What is the units digit of x?
9
Let j(o) = -2562*o + 14185. What is the thousands digit of j(-22)?
0
Let z be (270/(-21))/((-155)/1302). Let u = -3 - -5. Suppose -u*p + 112 = -z. What is the units digit of p?
0
Let t(u) be the second derivative of u**5/10 - 2*u**4/3 + 5*u**3/3 - 49*u**2/2 + 2*u + 15. What is the hundreds digit of t(6)?
1
Let x be ((-2)/4 - 54/12) + 449. Suppose -5*o + 545 = -3*l - 195, -3*o + x = -5*l. What is the units digit of o?
8
Suppose -613595 = 108*u - 3834911. What is the tens digit of u?
2
Let l(q) = 16*q + 172. Let f be l(-11). Let j(z) = -118*z - 34. What is the hundreds digit of j(f)?
4
Let h(n) = 103*n**2 + 58*n + 398. What is the units digit of h(-7)?
9
Let d(v) = 3*v**3 - 25*v**2 + 8*v + 9. Let b be d(8). What is the hundreds digit of 6/4*(2085/b - 7)?
3
Let p(b) = -3*b**3 - 2*b**2 - 85*b - 43. What is the ten thousands digit of p(-25)?
4
Suppose 548*i + 681304 = 1118*i - 544*i. What is the ten thousands digit of i?
2
Suppose -253 = 3*m - 2*y, m + 0*m - 5*y + 93 = 0. Let z = 36 - m. Suppose l - 2*h - z = -0*l, -5*l + 4*h + 571 = 0. What is the tens digit of l?
1
Let r be (7 + (-16)/4)*(-5)/3. What is the units digit of (4005/(-25) - 6)*r?
1
Suppose 3*l = 3*b - 9, 10 = 3*b - 0*b - 4*l. Suppose 0*d + 4*d - 166 = b*q, 0 = 3*d + 3*q - 129. What is the hundreds digit of 2/(-4)*435*(-28)/d?
1
Let y be (-4 - -2)*1*4. Let m(j) = 5*j**2 + 6*j + 20. What is the units digit of m(y)?
2
Let j be (79/7 - 4) + (-2)/7. Suppose j*d = d + 1476. Let b = 368 - d. What is the hundreds digit of b?
1
Suppose -44 = -15*z + 31. Suppose -1673 = -z*k + 1772. What is the tens digit of k?
8
Suppose -10046*l + 516429 = -10015*l. What is the ten thousands digit of l?
1
Suppose -859*k + 313628 = -836*k. What is the thousands digit of k?
3
Suppose -11842780 = -333*f - 2599033. What is the ten thousands digit of f?
2
Suppose 0 = -4*q + 5*h + 686 + 22155, 2*q + 4*h - 11388 = 0. What is the hundreds digit of q?
7
What is the tens digit of 20 + 8 + -43 - -85125?
1
Let p = -40 - -42. Suppose 0*v - v - 4*a = -5, 4*a + 46 = p*v. Suppose -3 = h - 5*x - 2, 3*h = -5*x + v. What is the units digit of h?
4
Suppose 20*j + 370332 = 74*j. What is the tens digit of j?
5
Suppose 0 = -3*t + 3*b + 6, -2*b + 6 = 2*t + t. Let k(a) = -2*a**t + 21 + a**2 + 4*a + 7*a + 3*a. What is the units digit of k(13)?
4
Suppose -2*u = 5*j - 16, -3*u + 4*u = -j + 2. Suppose 4*b - 396 = -j*l + 2*b, -3*l + 279 = -3*b. What is the units digit of l?
7
Suppose -2*o - 3*u + 60455 = 0, 99 = -5*u + 84. What is the units digit of o?
2
Let i = -8397 + 13544. What is the tens digit of i?
4
Suppose 102*v - 56736 - 556896 = 0. What is the tens digit of v?
1
Suppose 363981 = 16*x + 5*x - 102933. What is the ten thousands digit of x?
2
Let y be 2/(-12) - 948/(-72). Let o = 106 - y. What is the tens digit of o?
9
Let q(a) = a**3 + 6*a**2 - 13*a + 16. Let y be q(-8). Let b(o) = 3*o**2 - 5*o - 35. Let s be b(y). Suppose 7*j - s = 167. What is the units digit of j?
2
Let g = -9399 - -60882. What is the tens digit of g?
8
Suppose -3*m + 92968 = -4*o + 29898, 30*m = -4*o + 630920. What is the ten thousands digit of m?
2
Suppose 5*t = 24 + 36. Let h = t - -508. What is the hundreds digit of h?
5
Suppose -72*q = -81*q + 207702. What is the ten thousands digit of q?
2
Suppose -75382 = -22*n - 27378. What is the hundreds digit of n?
1
Let d(p) = -8*p + 23. Suppose -2 - 49 = 3*r. Let l(n) = -n - 29. Let y be l(r). What is the tens digit of d(y)?
1
Suppose -4*p + 4*l + 148160 = 0, -5*l = 4*p - 69416 - 78789. What is the thousands digit of p?
7
Suppose 25 = 5*w + 70. Let u = 9 + w. Suppose -2*c + 463 = 3*i, 618 = -u*i + 4*i + 2*c. What is the units digit of i?
5
Let p(d) = -2*d**3 + 2*d**2 + 3*d + 510. Let h be p(0). Suppose h*y = 516*y - 6852. What is the tens digit of y?
4
Let u = 6888 - 3952. Suppose 25*l - 33*l + u = 0. What is the hundreds digit of l?
3
Let f(j) = j**3 + 10*j**2 - 13*j - 11. Let d be f(-11). Suppose 5*y = -1 + d, 3*w = 3*y - 6. Suppose -95 = -w*c - 5*c. What is the tens digit of c?
1
Let v = -1139 + 1776. Let x(i) = -i**3 + 5*i**2 - 6*i + 7. Let a be x(3). Suppose v = a*f - 371. What is the tens digit of f?
4
Let q = -5102 + 10300. What is the thousands digit of q?
5
Let q = -234 + 237. Suppose -d = 0, q*a = 6*d - 5*d + 1497. What is the hundreds digit of a?
4
Suppose 400*t - 571*t = -4285773. What is the ten thousands digit of t?
2
Let r(p) = p**3 - 11*p**2 - 18*p + 87. Let l be r(12). Let u = l + 607. What is the hundreds digit of u?
6
Let n be ((-64)/(-6))/2 - 29/87. Suppose 3*t - r = r + n, r + 5 = 2*t. Suppose i + 3*k - 56 = 156, 827 = 4*i + t*k. What is the units digit of i?
3
Let o(i) = -11*i + 7. Let m(z) = z + 1. Let j(w) = 2*m(w) - o(w). Let x be j(11). Suppose -u - 4*s = -x, 2*s + 317 = 3*u - 111. What is the hundreds digit of u?
1
Let j be 1223 - (-1 - (9 - 6)). Let r = -767 + j. What is the tens digit of r?
6
Suppose -3*o - 6741 = j - 4*j, 2235 = j - 5*o. Suppose 18*p - 12*p = j. What is the units digit